 61, 373
What are the prime factors of 539003?
539003
What are the prime factors of 1092095?
5, 218419
What are the prime factors of 3178468?
2, 149, 5333
What are the prime factors of 746710?
2, 5, 89, 839
What are the prime factors of 10784890?
2, 5, 1078489
List the prime factors of 293409.
3, 10867
List the prime factors of 32090201.
11, 13, 349, 643
List the prime factors of 5806989.
3, 19, 29, 1171
List the prime factors of 11455088.
2, 715943
What are the prime factors of 102084?
2, 3, 47, 181
What are the prime factors of 613605?
3, 5, 19, 2153
What are the prime factors of 100934?
2, 109, 463
What are the prime factors of 1587240?
2, 3, 5, 4409
List the prime factors of 1828901.
1828901
What are the prime factors of 7007269?
41, 277, 617
What are the prime factors of 1539891?
3, 6337
List the prime factors of 169602.
2, 3, 23, 1229
What are the prime factors of 284175?
3, 5, 421
What are the prime factors of 11723807?
397, 29531
List the prime factors of 93144.
2, 3, 3881
List the prime factors of 796897.
193, 4129
List the prime factors of 593651.
593651
What are the prime factors of 40608?
2, 3, 47
What are the prime factors of 323175?
3, 5, 31, 139
List the prime factors of 1098186.
2, 3, 103, 1777
What are the prime factors of 17984439?
3, 11, 59, 3079
What are the prime factors of 164718?
2, 3, 9151
List the prime factors of 398396.
2, 137, 727
What are the prime factors of 1144077?
3, 11, 37, 937
What are the prime factors of 1204778?
2, 137, 4397
What are the prime factors of 11704440?
2, 3, 5, 11, 8867
What are the prime factors of 1142925?
3, 5, 7, 311
List the prime factors of 391236.
2, 3, 32603
What are the prime factors of 3874404?
2, 3, 19, 16993
List the prime factors of 338768.
2, 31, 683
List the prime factors of 483613.
13, 37201
What are the prime factors of 2379258?
2, 3, 7, 23, 821
What are the prime factors of 22203453?
3, 89, 137, 607
List the prime factors of 643699.
7, 91957
What are the prime factors of 13598525?
5, 127, 4283
List the prime factors of 17936394.
2, 3, 7, 17, 25121
What are the prime factors of 1947845?
5, 389569
What are the prime factors of 242779?
242779
List the prime factors of 154557.
3, 13, 1321
List the prime factors of 3206863.
11, 17, 1559
What are the prime factors of 18354476?
2, 7, 655517
List the prime factors of 1129307.
1129307
What are the prime factors of 603958?
2, 301979
What are the prime factors of 1755758?
2, 877879
What are the prime factors of 1081237?
1081237
What are the prime factors of 170216?
2, 21277
List the prime factors of 796493.
796493
What are the prime factors of 7428102?
2, 3, 11, 241, 467
List the prime factors of 1269068.
2, 317267
What are the prime factors of 247651?
247651
List the prime factors of 186747.
3, 11, 5659
List the prime factors of 244872.
2, 3, 19, 179
What are the prime factors of 298127?
31, 59, 163
List the prime factors of 25852801.
13, 17, 116981
What are the prime factors of 17819215?
5, 41, 86923
List the prime factors of 10153814.
2, 11, 41, 11257
List the prime factors of 85474.
2, 42737
What are the prime factors of 5572559?
5572559
What are the prime factors of 37115?
5, 13, 571
What are the prime factors of 253756?
2, 63439
What are the prime factors of 460169?
37, 12437
List the prime factors of 11537051.
2129, 5419
What are the prime factors of 29218263?
3, 2837, 3433
What are the prime factors of 35653?
101, 353
What are the prime factors of 1512123?
3, 67, 7523
What are the prime factors of 1092857?
59, 18523
List the prime factors of 135498.
2, 3, 11, 2053
List the prime factors of 1274176.
2, 43, 463
What are the prime factors of 728424?
2, 3, 67, 151
List the prime factors of 963526.
2, 17, 1667
What are the prime factors of 217491?
3, 72497
What are the prime factors of 1331698?
2, 31, 47, 457
What are the prime factors of 7178377?
43, 139, 1201
List the prime factors of 91305.
3, 5, 2029
What are the prime factors of 2758499?
2758499
List the prime factors of 533526.
2, 3, 7, 12703
What are the prime factors of 6187153?
7, 59, 71, 211
What are the prime factors of 10808786?
2, 5404393
What are the prime factors of 458698?
2, 19, 12071
What are the prime factors of 177559?
353, 503
What are the prime factors of 205589?
205589
List the prime factors of 2102892.
2, 3, 11, 89, 179
What are the prime factors of 6142668?
2, 3, 7, 73127
List the prime factors of 1390289.
29, 191, 251
What are the prime factors of 4691199?
3, 31, 73, 691
What are the prime factors of 1150474?
2, 13, 44249
List the prime factors of 1283520.
2, 3, 5, 7, 191
List the prime factors of 101761.
11, 29
List the prime factors of 196392.
2, 3, 7, 167
List the prime factors of 908919.
3, 11, 9181
List the prime factors of 6449571.
3, 29, 8237
List the prime factors of 145078.
2, 17, 251
List the prime factors of 1288984.
2, 161123
List the prime factors of 837237.
3, 73, 3823
What are the prime factors of 1891707?
3, 389, 1621
List the prime factors of 434975.
5, 127, 137
What are the prime factors of 805107?
3, 167, 1607
What are the prime factors of 11984662?
2, 31, 193301
List the prime factors of 23873725.
5, 109, 8761
List the prime factors of 164447.
164447
List the prime factors of 9873280.
2, 5, 15427
List the prime factors of 283394.
2, 141697
What are the prime factors of 135601?
135601
List the prime factors of 2620545.
3, 5, 174703
What are the prime factors of 22775?
5, 911
What are the prime factors of 33757?
33757
List the prime factors of 17459530.
2, 5, 11, 23, 67, 103
List the prime factors of 970872.
2, 3, 7, 5779
List the prime factors of 297449.
17, 17497
What are the prime factors of 203274?
2, 3, 23, 491
What are the prime factors of 423724?
2, 7, 37, 409
List the prime factors of 6612097.
6612097
List the prime factors of 64588.
2, 67, 241
List the prime factors of 131245.
5, 26249
What are the prime factors of 301320?
2, 3, 5, 31
List the prime factors of 301515.
3, 5, 20101
What are the prime factors of 11532?
2, 3, 31
What are the prime factors of 3440434?
2, 1720217
What are the prime factors of 2029271?
2029271
What are the prime factors of 7769230?
2, 5, 7, 110989
What are the prime factors of 57571?
57571
What are the prime factors of 36940?
2, 5, 1847
What are the prime factors of 466848?
2, 3, 1621
List the prime factors of 1918953.
3, 213217
List the prime factors of 3692552.
2, 461569
List the prime factors of 1594512.
2, 3, 3691
List the prime factors of 2598171.
3, 866057
List the prime factors of 394331.
7, 56333
List the prime factors of 7555419.
3, 839491
What are the prime factors of 721493?
547, 1319
What are the prime factors of 48338?
2, 24169
What are the prime factors of 2174419?
13, 17, 9839
What are the prime factors of 5750656?
2, 44927
What are the prime factors of 215139?
3, 71713
What are the prime factors of 3359122?
2, 13, 129197
What are the prime factors of 65732?
2, 16433
List the prime factors of 477245.
5, 31, 3079
List the prime factors of 687588.
2, 3, 11, 5209
List the prime factors of 1973562.
2, 3, 97, 3391
List the prime factors of 3030656.
2, 23677
What are the prime factors of 1581091?
1581091
List the prime factors of 336322.
2, 7, 24023
List the prime factors of 3234150.
2, 3, 5, 7187
What are the prime factors of 1531349?
641, 2389
What are the prime factors of 1654867?
857, 1931
What are the prime factors of 176091?
3, 79, 743
What are the prime factors of 948284?
2, 237071
List the prime factors of 5617504.
2, 349, 503
What are the prime factors of 192142?
2, 23, 4177
What are the prime factors of 8505189?
3, 7, 11, 4091
What are the prime factors of 412842?
2, 3, 83, 829
List the prime factors of 880718.
2, 61, 7219
What are the prime factors of 3253419?
3, 13, 23, 31
List the prime factors of 1501335.
3, 5, 11, 337
What are the prime factors of 958755?
3, 5, 7, 23, 397
List the prime factors of 1261591.
101, 12491
What are the prime factors of 60966?
2, 3, 1129
List the prime factors of 660330.
2, 3, 5, 11, 23, 29
List the prime factors of 6170357.
6170357
List the prime factors of 188293.
7, 37, 727
What are the prime factors of 54601?
54601
List the prime factors of 656736.
2, 3, 6841
What are the prime factors of 175613?
151, 1163
List the prime factors of 199038.
2, 3, 7